{"id":238247,"date":"2019-10-28T09:16:35","date_gmt":"2019-10-28T09:16:35","guid":{"rendered":"http:\/\/www.demo.co.mg\/ranowash\/?page_id=238247"},"modified":"2023-05-12T17:50:25","modified_gmt":"2023-05-12T15:50:25","slug":"a-propos-de-rano-wash","status":"publish","type":"page","link":"https:\/\/care.mg\/ranowash\/a-propos-de-rano-wash\/","title":{"rendered":"A propos de RANO WASH"},"content":{"rendered":"\t\t<div data-elementor-type=\"wp-page\" data-elementor-id=\"238247\" class=\"elementor elementor-238247\" data-elementor-settings=\"[]\">\r\n\t\t\t\t\t\t<div class=\"elementor-inner\">\r\n\t\t\t\t\t\t\t<div class=\"elementor-section-wrap\">\r\n\t\t\t\t\t\t\t<section class=\"elementor-section elementor-top-section elementor-element elementor-element-512b3312 elementor-section-full_width elementor-section-height-default elementor-section-height-default\" data-id=\"512b3312\" data-element_type=\"section\">\r\n\t\t\t\t\t\t<div class=\"elementor-container elementor-column-gap-default\">\r\n\t\t\t\t\t\t\t<div class=\"elementor-row\">\r\n\t\t\t\t\t<div class=\"elementor-column elementor-col-100 elementor-top-column elementor-element elementor-element-396aad21\" data-id=\"396aad21\" data-element_type=\"column\">\r\n\t\t\t<div class=\"elementor-column-wrap elementor-element-populated\">\r\n\t\t\t\t\t\t\t<div class=\"elementor-widget-wrap\">\r\n\t\t\t\t\t\t<div class=\"elementor-element elementor-element-5ebd8c31 elementor-widget elementor-widget-text-editor\" data-id=\"5ebd8c31\" data-element_type=\"widget\" data-widget_type=\"text-editor.default\">\r\n\t\t\t\t<div class=\"elementor-widget-container\">\r\n\t\t\t\t\t<div class=\"elementor-text-editor elementor-clearfix\"><!-- wp:paragraph -->\n<p><strong>Rural Access to New Opportunities for Water, Sanitation, and Hygiene<\/strong> <span style=\"color: #00ccff;\"><strong>(RANO WASH)<\/strong><\/span> est un projet de <strong>6 ans<\/strong> financ\u00e9 par l\u2019<strong><span style=\"color: #ff0000;\">US<\/span><span style=\"color: #000080;\">AID<\/span><\/strong>. <span style=\"color: #00ccff;\"><strong>RANO WASH<\/strong><\/span> est mis en \u0153uvre par un consortium dirig\u00e9 par <span style=\"color: #e4701e;\"><strong>CARE<\/strong> <\/span>qui comprend <span style=\"color: #254182;\"><strong>Catholic Relief Services<\/strong><\/span>, <strong><span style=\"color: #009fdf;\">W<\/span><span style=\"color: #000000;\">aterAid<\/span><\/strong>, <strong><span style=\"color: #1c4d0d;\">Bush<\/span><span style=\"color: #6c0a03;\">Proof<\/span><\/strong> et <span style=\"color: #4459aa;\"><strong>Sandandrano<\/strong> <\/span>avec des activit\u00e9s pr\u00e9vues jusqu\u2019en juin 2022. Il vise \u00e0 am\u00e9liorer l\u2019acc\u00e8s de la population \u00e0 des services d\u2019<strong>Eau, d\u2019Assainissement et d\u2019Hygi\u00e8ne<\/strong> dans <strong>250 Communes<\/strong> rurales des r\u00e9gions de <strong>Alaotra Mangoro<\/strong>, <strong>Amoron\u2019i Mania<\/strong>, <strong>Atsinanana<\/strong>, <strong>Haute Matsiatra, Vakinakaratra<\/strong> et <strong>Vatovavy et Fitovinany<\/strong>, pour am\u00e9liorer la sant\u00e9 et la nutrition, et pr\u00e9server l\u2019environnement. <br \/>A Madagascar, environ <strong>30%<\/strong> de la population en zone rurale a acc\u00e8s \u00e0 des services d\u2019<strong>alimentation en eau potable de base<\/strong>, et<strong> 45 %<\/strong> de la population rurale n\u2019a pas acc\u00e8s \u00e0 des services <strong>d\u2019assainissement<\/strong> de base (<strong>UNICEF MICS 2018<\/strong>). Pour des r\u00e9sultats efficaces et durables, <span style=\"color: #00ccff;\"><strong>RANO WASH<\/strong><\/span> d\u00e9veloppe un partenariat syst\u00e9matique avec les <strong>gouvernements nationaux<\/strong> et <strong>r\u00e9gionaux<\/strong><strong>, les acteurs du secteur priv\u00e9<\/strong>, les organisations de la soci\u00e9t\u00e9 civile et les communaut\u00e9s. <span style=\"color: #00ccff;\"><strong>RANO WASH<\/strong><\/span> s\u2019engage \u00e0 int\u00e9grer des approches sensibles au <strong>genre et \u00e0 l\u2019inclusion sociale<\/strong> dans toutes ses interventions.<\/p>\n<p align=\"center\"><img loading=\"lazy\" decoding=\"async\" class=\"size-full wp-image-243421 aligncenter\" src=\"https:\/\/care.mg\/ranowash\/wp-content\/uploads\/2023\/02\/renforcement.jpg\" alt=\"\" width=\"1024\" height=\"594\" srcset=\"https:\/\/care.mg\/ranowash\/wp-content\/uploads\/2023\/02\/renforcement.jpg 1024w, https:\/\/care.mg\/ranowash\/wp-content\/uploads\/2023\/02\/renforcement-300x174.jpg 300w, https:\/\/care.mg\/ranowash\/wp-content\/uploads\/2023\/02\/renforcement-768x446.jpg 768w\" sizes=\"(max-width: 1024px) 100vw, 1024px\" \/><\/p>\n<!-- \/wp:paragraph --><!-- wp:list --><!-- \/wp:list --><!-- wp:paragraph -->\n<p align=\"center\">\u00a0<\/p>\n<p align=\"center\"><img loading=\"lazy\" decoding=\"async\" class=\"aligncenter size-full wp-image-244433\" src=\"https:\/\/care.mg\/ranowash\/wp-content\/uploads\/2023\/05\/projet-en-chiffre.jpg\" alt=\"\" width=\"853\" height=\"576\" srcset=\"https:\/\/care.mg\/ranowash\/wp-content\/uploads\/2023\/05\/projet-en-chiffre.jpg 853w, https:\/\/care.mg\/ranowash\/wp-content\/uploads\/2023\/05\/projet-en-chiffre-300x203.jpg 300w, https:\/\/care.mg\/ranowash\/wp-content\/uploads\/2023\/05\/projet-en-chiffre-768x519.jpg 768w\" sizes=\"(max-width: 853px) 100vw, 853px\" \/><\/p>\n<p>Pour en savoir plus sur le projet, veuillez contacter :\u00a0<strong>S\u00e9bastien Fesneau<\/strong>\u00a0<strong>Chef de Projet<\/strong><\/p>\n<!-- \/wp:paragraph --><\/div>\r\n\t\t\t\t<\/div>\r\n\t\t\t\t<\/div>\r\n\t\t\t\t\t\t<\/div>\r\n\t\t\t\t\t<\/div>\r\n\t\t<\/div>\r\n\t\t\t\t\t\t\t\t<\/div>\r\n\t\t\t\t\t<\/div>\r\n\t\t<\/section>\r\n\t\t\t\t<section class=\"elementor-section elementor-top-section elementor-element elementor-element-c611697 elementor-section-full_width elementor-section-height-default elementor-section-height-default\" data-id=\"c611697\" data-element_type=\"section\">\r\n\t\t\t\t\t\t<div class=\"elementor-container elementor-column-gap-default\">\r\n\t\t\t\t\t\t\t<div class=\"elementor-row\">\r\n\t\t\t\t\t<div class=\"elementor-column elementor-col-50 elementor-top-column elementor-element elementor-element-86448e8\" data-id=\"86448e8\" data-element_type=\"column\">\r\n\t\t\t<div class=\"elementor-column-wrap elementor-element-populated\">\r\n\t\t\t\t\t\t\t<div class=\"elementor-widget-wrap\">\r\n\t\t\t\t\t\t<div class=\"elementor-element elementor-element-33006d5 elementor-widget elementor-widget-heading\" data-id=\"33006d5\" data-element_type=\"widget\" data-widget_type=\"heading.default\">\r\n\t\t\t\t<div class=\"elementor-widget-container\">\r\n\t\t\t<h2 class=\"elementor-heading-title elementor-size-default\">Notre Mission<\/h2>\t\t<\/div>\r\n\t\t\t\t<\/div>\r\n\t\t\t\t<div class=\"elementor-element elementor-element-194a286 elementor-widget elementor-widget-text-editor\" data-id=\"194a286\" data-element_type=\"widget\" data-widget_type=\"text-editor.default\">\r\n\t\t\t\t<div class=\"elementor-widget-container\">\r\n\t\t\t\t\t<div class=\"elementor-text-editor elementor-clearfix\"><p>Accro\u00eetre l&rsquo;acc\u00e8s \u00e9quitable et durable \u00e0 l&rsquo;eau, \u00e0 l&rsquo;assainissement et aux services d&rsquo;hygi\u00e8ne pour la sant\u00e9 humaine, la nutrition<br \/>Pr\u00e9servation de l\u2019environnement dans 250 communes rurales de 7 r\u00e9gions hautement prioritaires :<\/p>\n<p><strong>&#8211; <a href=\"https:\/\/care.mg\/ranowash\/alaotra-mangoro\/\">Alaotra Mangoro<\/a><\/strong><\/p>\n<p><strong>&#8211; <a href=\"https:\/\/care.mg\/ranowash\/amoroni-mania\/\">Amoron\u2019i Mania<\/a><\/strong><\/p>\n<p><strong>&#8211; <a href=\"https:\/\/care.mg\/ranowash\/antsinanana\/\">Atsinanana<\/a><\/strong><\/p>\n<p><strong>&#8211; <a href=\"https:\/\/care.mg\/ranowash\/haute-matsiatra\/\">Haute Matsiatra<\/a><\/strong><\/p>\n<p><strong>&#8211; <a href=\"https:\/\/care.mg\/ranowash\/vakinankaratra\/\">Vakinankaratra<\/a><\/strong><\/p>\n<p><strong><a href=\"https:\/\/care.mg\/ranowash\/vatovavy\/\">&#8211;\u00a0 Vatovavy <\/a><\/strong><\/p>\n<p><strong><a href=\"https:\/\/care.mg\/ranowash\/fitovinany\/\">&#8211; Fitovinany<\/a><\/strong><\/p><\/div>\r\n\t\t\t\t<\/div>\r\n\t\t\t\t<\/div>\r\n\t\t\t\t\t\t<\/div>\r\n\t\t\t\t\t<\/div>\r\n\t\t<\/div>\r\n\t\t\t\t<div class=\"elementor-column elementor-col-50 elementor-top-column elementor-element elementor-element-1fa89ab\" data-id=\"1fa89ab\" data-element_type=\"column\">\r\n\t\t\t<div class=\"elementor-column-wrap elementor-element-populated\">\r\n\t\t\t\t\t\t\t<div class=\"elementor-widget-wrap\">\r\n\t\t\t\t\t\t<div class=\"elementor-element elementor-element-296c160 elementor-widget elementor-widget-image\" data-id=\"296c160\" data-element_type=\"widget\" data-widget_type=\"image.default\">\r\n\t\t\t\t<div class=\"elementor-widget-container\">\r\n\t\t\t\t\t<div class=\"elementor-image\">\r\n\t\t\t\t\t\t\t\t\t\t<img loading=\"lazy\" decoding=\"async\" width=\"493\" height=\"596\" src=\"https:\/\/care.mg\/ranowash\/wp-content\/uploads\/2023\/03\/carte-1.jpg\" class=\"attachment-large size-large\" alt=\"\" srcset=\"https:\/\/care.mg\/ranowash\/wp-content\/uploads\/2023\/03\/carte-1.jpg 493w, https:\/\/care.mg\/ranowash\/wp-content\/uploads\/2023\/03\/carte-1-248x300.jpg 248w\" sizes=\"(max-width: 493px) 100vw, 493px\" \/>\t\t\t\t\t\t\t\t\t\t\t<\/div>\r\n\t\t\t\t<\/div>\r\n\t\t\t\t<\/div>\r\n\t\t\t\t\t\t<\/div>\r\n\t\t\t\t\t<\/div>\r\n\t\t<\/div>\r\n\t\t\t\t\t\t\t\t<\/div>\r\n\t\t\t\t\t<\/div>\r\n\t\t<\/section>\r\n\t\t\t\t\t\t<\/div>\r\n\t\t\t\t\t\t<\/div>\r\n\t\t\t\t\t<\/div>\r\n\t\t","protected":false},"excerpt":{"rendered":"<p>Rural Access to New Opportunities for Water, Sanitation, and Hygiene (RANO WASH) est un projet de 6 ans financ\u00e9 par l\u2019USAID. RANO WASH est mis en \u0153uvre par un consortium dirig\u00e9 par CARE qui comprend Catholic Relief Services, WaterAid, BushProof et Sandandrano avec des activit\u00e9s pr\u00e9vues jusqu\u2019en juin 2022. Il vise \u00e0 am\u00e9liorer l\u2019acc\u00e8s de [&hellip;]<\/p>\n","protected":false},"author":5,"featured_media":0,"parent":0,"menu_order":0,"comment_status":"closed","ping_status":"closed","template":"","meta":{"footnotes":""},"acf":[],"yoast_head":"<!-- This site is optimized with the Yoast SEO plugin v23.5 - https:\/\/yoast.com\/wordpress\/plugins\/seo\/ -->\n<title>A propos de RANO WASH - RANO WASH<\/title>\n<meta name=\"robots\" content=\"index, follow, max-snippet:-1, max-image-preview:large, max-video-preview:-1\" \/>\n<link rel=\"canonical\" href=\"https:\/\/care.mg\/ranowash\/a-propos-de-rano-wash\/\" \/>\n<meta property=\"og:locale\" content=\"fr_FR\" \/>\n<meta property=\"og:type\" content=\"article\" \/>\n<meta property=\"og:title\" content=\"A propos de RANO WASH - RANO WASH\" \/>\n<meta property=\"og:description\" content=\"Rural Access to New Opportunities for Water, Sanitation, and Hygiene (RANO WASH) est un projet de 6 ans financ\u00e9 par l\u2019USAID. RANO WASH est mis en \u0153uvre par un consortium dirig\u00e9 par CARE qui comprend Catholic Relief Services, WaterAid, BushProof et Sandandrano avec des activit\u00e9s pr\u00e9vues jusqu\u2019en juin 2022. Il vise \u00e0 am\u00e9liorer l\u2019acc\u00e8s de [&hellip;]\" \/>\n<meta property=\"og:url\" content=\"https:\/\/care.mg\/ranowash\/a-propos-de-rano-wash\/\" \/>\n<meta property=\"og:site_name\" content=\"RANO WASH\" \/>\n<meta property=\"article:publisher\" content=\"https:\/\/www.facebook.com\/CAREMadagascar\" \/>\n<meta property=\"article:modified_time\" content=\"2023-05-12T15:50:25+00:00\" \/>\n<meta property=\"og:image\" content=\"https:\/\/care.mg\/ranowash\/wp-content\/uploads\/2023\/02\/renforcement.jpg\" \/>\n<meta name=\"twitter:card\" content=\"summary_large_image\" \/>\n<meta name=\"twitter:site\" content=\"@CAREMadagascar\" \/>\n<meta name=\"twitter:label1\" content=\"Dur\u00e9e de lecture estim\u00e9e\" \/>\n\t<meta name=\"twitter:data1\" content=\"1 minute\" \/>\n<script type=\"application\/ld+json\" class=\"yoast-schema-graph\">{\"@context\":\"https:\/\/schema.org\",\"@graph\":[{\"@type\":\"WebPage\",\"@id\":\"https:\/\/care.mg\/ranowash\/a-propos-de-rano-wash\/\",\"url\":\"https:\/\/care.mg\/ranowash\/a-propos-de-rano-wash\/\",\"name\":\"A propos de RANO WASH - RANO WASH\",\"isPartOf\":{\"@id\":\"https:\/\/care.mg\/ranowash\/#website\"},\"primaryImageOfPage\":{\"@id\":\"https:\/\/care.mg\/ranowash\/a-propos-de-rano-wash\/#primaryimage\"},\"image\":{\"@id\":\"https:\/\/care.mg\/ranowash\/a-propos-de-rano-wash\/#primaryimage\"},\"thumbnailUrl\":\"https:\/\/care.mg\/ranowash\/wp-content\/uploads\/2023\/02\/renforcement.jpg\",\"datePublished\":\"2019-10-28T09:16:35+00:00\",\"dateModified\":\"2023-05-12T15:50:25+00:00\",\"inLanguage\":\"fr-FR\",\"potentialAction\":[{\"@type\":\"ReadAction\",\"target\":[\"https:\/\/care.mg\/ranowash\/a-propos-de-rano-wash\/\"]}]},{\"@type\":\"ImageObject\",\"inLanguage\":\"fr-FR\",\"@id\":\"https:\/\/care.mg\/ranowash\/a-propos-de-rano-wash\/#primaryimage\",\"url\":\"https:\/\/care.mg\/ranowash\/wp-content\/uploads\/2023\/02\/renforcement.jpg\",\"contentUrl\":\"https:\/\/care.mg\/ranowash\/wp-content\/uploads\/2023\/02\/renforcement.jpg\",\"width\":1024,\"height\":594},{\"@type\":\"WebSite\",\"@id\":\"https:\/\/care.mg\/ranowash\/#website\",\"url\":\"https:\/\/care.mg\/ranowash\/\",\"name\":\"RANO WASH\",\"description\":\"Rural Access to New Opportunities in Water, Sanitation and Hygiene\",\"publisher\":{\"@id\":\"https:\/\/care.mg\/ranowash\/#organization\"},\"potentialAction\":[{\"@type\":\"SearchAction\",\"target\":{\"@type\":\"EntryPoint\",\"urlTemplate\":\"https:\/\/care.mg\/ranowash\/?s={search_term_string}\"},\"query-input\":{\"@type\":\"PropertyValueSpecification\",\"valueRequired\":true,\"valueName\":\"search_term_string\"}}],\"inLanguage\":\"fr-FR\"},{\"@type\":\"Organization\",\"@id\":\"https:\/\/care.mg\/ranowash\/#organization\",\"name\":\"RANO WASH\",\"url\":\"https:\/\/care.mg\/ranowash\/\",\"logo\":{\"@type\":\"ImageObject\",\"inLanguage\":\"fr-FR\",\"@id\":\"https:\/\/care.mg\/ranowash\/#\/schema\/logo\/image\/\",\"url\":\"https:\/\/care.mg\/ranowash\/wp-content\/uploads\/2022\/08\/logo-mini-usaid-rw.png\",\"contentUrl\":\"https:\/\/care.mg\/ranowash\/wp-content\/uploads\/2022\/08\/logo-mini-usaid-rw.png\",\"width\":470,\"height\":97,\"caption\":\"RANO WASH\"},\"image\":{\"@id\":\"https:\/\/care.mg\/ranowash\/#\/schema\/logo\/image\/\"},\"sameAs\":[\"https:\/\/www.facebook.com\/CAREMadagascar\",\"https:\/\/x.com\/CAREMadagascar\"]}]}<\/script>\n<!-- \/ Yoast SEO plugin. -->","yoast_head_json":{"title":"A propos de RANO WASH - RANO WASH","robots":{"index":"index","follow":"follow","max-snippet":"max-snippet:-1","max-image-preview":"max-image-preview:large","max-video-preview":"max-video-preview:-1"},"canonical":"https:\/\/care.mg\/ranowash\/a-propos-de-rano-wash\/","og_locale":"fr_FR","og_type":"article","og_title":"A propos de RANO WASH - RANO WASH","og_description":"Rural Access to New Opportunities for Water, Sanitation, and Hygiene (RANO WASH) est un projet de 6 ans financ\u00e9 par l\u2019USAID. RANO WASH est mis en \u0153uvre par un consortium dirig\u00e9 par CARE qui comprend Catholic Relief Services, WaterAid, BushProof et Sandandrano avec des activit\u00e9s pr\u00e9vues jusqu\u2019en juin 2022. Il vise \u00e0 am\u00e9liorer l\u2019acc\u00e8s de [&hellip;]","og_url":"https:\/\/care.mg\/ranowash\/a-propos-de-rano-wash\/","og_site_name":"RANO WASH","article_publisher":"https:\/\/www.facebook.com\/CAREMadagascar","article_modified_time":"2023-05-12T15:50:25+00:00","og_image":[{"url":"https:\/\/care.mg\/ranowash\/wp-content\/uploads\/2023\/02\/renforcement.jpg"}],"twitter_card":"summary_large_image","twitter_site":"@CAREMadagascar","twitter_misc":{"Dur\u00e9e de lecture estim\u00e9e":"1 minute"},"schema":{"@context":"https:\/\/schema.org","@graph":[{"@type":"WebPage","@id":"https:\/\/care.mg\/ranowash\/a-propos-de-rano-wash\/","url":"https:\/\/care.mg\/ranowash\/a-propos-de-rano-wash\/","name":"A propos de RANO WASH - RANO WASH","isPartOf":{"@id":"https:\/\/care.mg\/ranowash\/#website"},"primaryImageOfPage":{"@id":"https:\/\/care.mg\/ranowash\/a-propos-de-rano-wash\/#primaryimage"},"image":{"@id":"https:\/\/care.mg\/ranowash\/a-propos-de-rano-wash\/#primaryimage"},"thumbnailUrl":"https:\/\/care.mg\/ranowash\/wp-content\/uploads\/2023\/02\/renforcement.jpg","datePublished":"2019-10-28T09:16:35+00:00","dateModified":"2023-05-12T15:50:25+00:00","inLanguage":"fr-FR","potentialAction":[{"@type":"ReadAction","target":["https:\/\/care.mg\/ranowash\/a-propos-de-rano-wash\/"]}]},{"@type":"ImageObject","inLanguage":"fr-FR","@id":"https:\/\/care.mg\/ranowash\/a-propos-de-rano-wash\/#primaryimage","url":"https:\/\/care.mg\/ranowash\/wp-content\/uploads\/2023\/02\/renforcement.jpg","contentUrl":"https:\/\/care.mg\/ranowash\/wp-content\/uploads\/2023\/02\/renforcement.jpg","width":1024,"height":594},{"@type":"WebSite","@id":"https:\/\/care.mg\/ranowash\/#website","url":"https:\/\/care.mg\/ranowash\/","name":"RANO WASH","description":"Rural Access to New Opportunities in Water, Sanitation and Hygiene","publisher":{"@id":"https:\/\/care.mg\/ranowash\/#organization"},"potentialAction":[{"@type":"SearchAction","target":{"@type":"EntryPoint","urlTemplate":"https:\/\/care.mg\/ranowash\/?s={search_term_string}"},"query-input":{"@type":"PropertyValueSpecification","valueRequired":true,"valueName":"search_term_string"}}],"inLanguage":"fr-FR"},{"@type":"Organization","@id":"https:\/\/care.mg\/ranowash\/#organization","name":"RANO WASH","url":"https:\/\/care.mg\/ranowash\/","logo":{"@type":"ImageObject","inLanguage":"fr-FR","@id":"https:\/\/care.mg\/ranowash\/#\/schema\/logo\/image\/","url":"https:\/\/care.mg\/ranowash\/wp-content\/uploads\/2022\/08\/logo-mini-usaid-rw.png","contentUrl":"https:\/\/care.mg\/ranowash\/wp-content\/uploads\/2022\/08\/logo-mini-usaid-rw.png","width":470,"height":97,"caption":"RANO WASH"},"image":{"@id":"https:\/\/care.mg\/ranowash\/#\/schema\/logo\/image\/"},"sameAs":["https:\/\/www.facebook.com\/CAREMadagascar","https:\/\/x.com\/CAREMadagascar"]}]}},"_links":{"self":[{"href":"https:\/\/care.mg\/ranowash\/wp-json\/wp\/v2\/pages\/238247"}],"collection":[{"href":"https:\/\/care.mg\/ranowash\/wp-json\/wp\/v2\/pages"}],"about":[{"href":"https:\/\/care.mg\/ranowash\/wp-json\/wp\/v2\/types\/page"}],"author":[{"embeddable":true,"href":"https:\/\/care.mg\/ranowash\/wp-json\/wp\/v2\/users\/5"}],"replies":[{"embeddable":true,"href":"https:\/\/care.mg\/ranowash\/wp-json\/wp\/v2\/comments?post=238247"}],"version-history":[{"count":51,"href":"https:\/\/care.mg\/ranowash\/wp-json\/wp\/v2\/pages\/238247\/revisions"}],"predecessor-version":[{"id":244434,"href":"https:\/\/care.mg\/ranowash\/wp-json\/wp\/v2\/pages\/238247\/revisions\/244434"}],"wp:attachment":[{"href":"https:\/\/care.mg\/ranowash\/wp-json\/wp\/v2\/media?parent=238247"}],"curies":[{"name":"wp","href":"https:\/\/api.w.org\/{rel}","templated":true}]}}